igit of 726?
6
What is the thousands digit of 3284?
3
What is the tens digit of 246?
4
What is the thousands digit of 2700?
2
What is the hundreds digit of 1077?
0
What is the thousands digit of 5556?
5
What is the thousands digit of 10491?
0
What is the thousands digit of 96000?
6
What is the hundreds digit of 14477?
4
What is the thousands digit of 63178?
3
What is the tens digit of 4130?
3
What is the tens digit of 5868?
6
What is the hundreds digit of 1520?
5
What is the hundreds digit of 94355?
3
What is the hundreds digit of 121643?
6
What is the thousands digit of 3037?
3
What is the units digit of 19918?
8
What is the thousands digit of 1772?
1
What is the ten thousands digit of 147143?
4
What is the ten thousands digit of 10656?
1
What is the hundreds digit of 20041?
0
What is the tens digit of 31502?
0
What is the thousands digit of 38963?
8
What is the thousands digit of 32097?
2
What is the thousands digit of 26929?
6
What is the tens digit of 3503?
0
What is the units digit of 34285?
5
What is the ten thousands digit of 136527?
3
What is the units digit of 1211?
1
What is the hundreds digit of 2371?
3
What is the tens digit of 607?
0
What is the hundreds digit of 9839?
8
What is the tens digit of 39047?
4
What is the units digit of 392?
2
What is the hundreds digit of 8062?
0
What is the units digit of 3607?
7
What is the thousands digit of 7770?
7
What is the tens digit of 3386?
8
What is the thousands digit of 12682?
2
What is the thousands digit of 15010?
5
What is the units digit of 592?
2
What is the hundreds digit of 57299?
2
What is the units digit of 979?
9
What is the hundreds digit of 3127?
1
What is the thousands digit of 4361?
4
What is the tens digit of 582?
8
What is the tens digit of 7290?
9
What is the tens digit of 980?
8
What is the thousands digit of 2469?
2
What is the tens digit of 7718?
1
What is the units digit of 40790?
0
What is the tens digit of 301?
0
What is the units digit of 60422?
2
What is the tens digit of 85121?
2
What is the tens digit of 5614?
1
What is the thousands digit of 9382?
9
What is the tens digit of 1152?
5
What is the thousands digit of 13469?
3
What is the tens digit of 632?
3
What is the units digit of 3893?
3
What is the hundreds digit of 1711?
7
What is the tens digit of 6073?
7
What is the units digit of 36447?
7
What is the thousands digit of 1803?
1
What is the thousands digit of 3121?
3
What is the units digit of 3667?
7
What is the units digit of 11138?
8
What is the tens digit of 952?
5
What is the hundreds digit of 886?
8
What is the tens digit of 729?
2
What is the units digit of 1836?
6
What is the units digit of 99824?
4
What is the hundreds digit of 4640?
6
What is the tens digit of 1076?
7
What is the units digit of 151386?
6
What is the ten thousands digit of 28645?
2
What is the ten thousands digit of 82386?
8
What is the hundreds digit of 16478?
4
What is the units digit of 82?
2
What is the hundreds digit of 56602?
6
What is the units digit of 5412?
2
What is the tens digit of 323?
2
What is the tens digit of 3602?
0
What is the hundreds digit of 1509?
5
What is the tens digit of 891?
9
What is the ten thousands digit of 147810?
4
What is the thousands digit of 49169?
9
What is the tens digit of 1153?
5
What is the tens digit of 22716?
1
What is the hundreds digit of 8915?
9
What is the hundreds digit of 1122?
1
What is the tens digit of 96526?
2
What is the ten thousands digit of 31899?
3
What is the units digit of 20941?
1
What is the tens digit of 103?
0
What is the units digit of 5191?
1
What is the units digit of 2515?
5
What is the hundreds digit of 2047?
0
What is the units digit of 8833?
3
What is the tens digit of 2596?
9
What is the thousands digit of 23896?
3
What is the tens digit of 2765?
6
What is the ten thousands digit of 14178?
1
What is the hundred thousands digit of 110378?
1
What is the hundreds digit of 198?
1
What is the thousands digit of 8559?
8
What is the thousands digit of 24054?
4
What is the tens digit of 21132?
3
What is the hundreds digit of 85053?
0
What is the hundreds digit of 6143?
1
What is the thousands digit of 5082?
5
What is the units digit of 116485?
5
What is the thousands digit of 4076?
4
What is the units digit of 15806?
6
What is the units digit of 2?
2
What is the hundreds digit of 1588?
5
What is the units digit of 50300?
0
What is the thousands digit of 4241?
4
What is the units digit of 75528?
8
What is the tens digit of 20997?
9
What is the hundreds digit of 80231?
2
What is the ten thousands digit of 17937?
1
What is the ten thousands digit of 41908?
4
What is the units digit of 295?
5
What is the units digit of 1617?
7
What is the hundreds digit of 18164?
1
What is the tens digit of 10285?
8
What is the tens digit of 89311?
1
What is the tens digit of 59496?
9
What is the ten thousands digit of 112613?
1
What is the units digit of 61792?
2
What is the thousands digit of 137240?
7
What is the hundreds digit of 1557?
5
What is the hundreds digit of 11486?
4
What is the hundreds digit of 9320?
3
What is the tens digit of 70?
7
What is the hundreds digit of 25855?
8
What is the tens digit of 67330?
3
What is the hundreds digit of 975?
9
What is the units digit of 8098?
8
What is the tens digit of 470?
7
What is the units digit of 637?
7
What is the hundreds digit of 6907?
9
What is the hundreds digit of 10992?
9
What is the units digit of 2853?
3
What is the tens digit of 778?
7
What is the hundreds digit of 43610?
6
What is the tens digit of 4148?
4
What is the tens digit of 880?
8
What is the thousands digit of 1913?
1
What is the units digit of 7310?
0
What is the hundreds digit of 2831?
8
What is the hundreds digit of 15418?
4
What is the hundreds digit of 1372?
3
What is the units digit of 7389?
9
What is the thousands digit of 15904?
5
What is the thousands digit of 2503?
2
What is the tens digit of 9977?
7
What is the hundreds digit of 1071?
0
What is the thousands digit of 11667?
1
What is the tens digit of 58917?
1
What is the hundreds digit of 1235?
2
What is the units digit of 36229?
9
What is the tens digit of 1199?
9
What is the units digit of 1112?
2
What is the units digit of 702?
2
What is the thousands digit of 1155?
1
What is the thousands digit of 87678?
7
What is the hundreds digit of 9912?
9
What is the units digit of 688?
8
What is the tens digit of 867?
6
What is the hundreds digit of 2167?
1
What is the thousands digit of 77432?
7
What is the ten thousands digit of 11532?
1
What is the hundreds digit of 11433?
4
What is the units digit of 3245?
5
What is the hundreds digit of 5753?
7
What is the thousands digit of 2647?
2
What is the tens digit of 7786?
8
What is the hundreds digit of 128507?
5
What is the thousands digit of 18448?
8
What is the hundreds digit of 760?
7
What is the thousands digit of 2166?
2
What is the units digit of 205?
5
What is the ten thousands digit of 13851?
1
What is the thousands digit of 3025?
3
What is the hundreds digit of 1692?
6
What is the tens digit of 19342?
4
What is the tens digit of 884?
8
What is the thousands digit of 2286?
2
What is the units digit of 1254?
4
What is the tens digit of 6527?
2
What is the thousands digit of 78267?
8
What is the tens digit of 4696?
9
What is the hundreds digit of 29829?
8
What is the units digit of 372?
2
What is the units digit of 48546?
6
What is the thousands digit of 4137?
4
What is the ten thousands digit of 47688?
4
What is the tens digit of 24153?
5
What is the tens digit of 12674?
7
What is the tens digit of 2568?
6
What is the hundreds digit of 13432?
4
What is the units digit of 982?
2
What is the tens digit of 1821?
2
What is the hundreds digit of 7880?
8
What is the thousands digit of 2458?
2
What is the thousands digit of 4277?
4
What is the thousands digit of 4144?
4
What is the thousands digit of 33305?
3
What is the tens digit of 32812?
1
What is the tens digit of 119398?
9
What is the tens digit of 1292?
9
What is the tens digit of 4010?
1
What is the hundreds digit of 959?
9
What is the units digit of 46?
6
What is the hundreds digit of 4721?
7
What is the ten thousands digit of 33250?
3
What is the hundreds digit of 5814?
8
What is the tens digit of 51895?
9
What is the units digit of 7196?
6
What i